tor of 679207?
False
Is 88900 a multiple of 25?
True
Is 2724036 a multiple of 112?
False
Is 570122 a multiple of 93?
False
Is 9246380 a multiple of 11?
True
Is 3 a factor of 4176?
True
Does 17 divide 842451?
False
Is 66276 a multiple of 36?
True
Is 586 a factor of 458459?
False
Is 422 a factor of 386974?
True
Is 249815 a multiple of 33?
False
Is 475065 a multiple of 48?
False
Is 30 a factor of 8411?
False
Is 20952310 a multiple of 1450?
False
Does 9 divide 167390?
False
Does 44 divide 827107?
False
Does 35 divide 2204650?
True
Is 1020 a factor of 21182789?
False
Is 9094118 a multiple of 46?
False
Does 77 divide 2435175?
False
Does 401 divide 2017832?
True
Does 46 divide 28621844?
True
Is 20 a factor of 15356643?
False
Is 26 a factor of 13019?
False
Is 58 a factor of 82824?
True
Is 353 a factor of 321672?
False
Does 19 divide 641288?
True
Is 52 a factor of 181931?
False
Is 12 a factor of 6891?
False
Does 103 divide 6992155?
True
Does 381 divide 5024628?
True
Does 20 divide 756366?
False
Does 15 divide 867840?
True
Does 2 divide 200003?
False
Is 182 a factor of 936511?
False
Does 10 divide 518282?
False
Is 54 a factor of 495931?
False
Is 252 a factor of 256810?
False
Is 192 a factor of 3883200?
True
Does 34 divide 1507390?
True
Does 11 divide 255651?
True
Is 228 a factor of 404928?
True
Is 846 a factor of 11096982?
True
Is 55 a factor of 3040070?
True
Is 149316 a multiple of 138?
True
Does 10 divide 35470?
True
Does 70 divide 3183232?
False
Does 52 divide 220740?
True
Is 15 a factor of 386464?
False
Is 343035 a multiple of 340?
False
Does 8 divide 34808?
True
Is 25569069 a multiple of 12?
False
Does 200 divide 1145400?
True
Does 140 divide 399939?
False
Is 69 a factor of 933708?
True
Is 1160284 a multiple of 11?
False
Is 880560 a multiple of 8?
True
Is 23 a factor of 2512619?
False
Does 135 divide 119067?
False
Is 1407665 a multiple of 259?
True
Is 46871 a multiple of 386?
False
Does 32 divide 3840640?
True
Is 296048 a multiple of 67?
False
Is 21423 a multiple of 3?
True
Is 231 a factor of 438207?
True
Is 206388 a multiple of 21?
True
Is 19 a factor of 1083411?
False
Does 443 divide 307885?
True
Does 10 divide 4180?
True
Does 125 divide 709375?
True
Does 7 divide 257739?
False
Does 14 divide 1272445?
False
Is 11 a factor of 3578181?
False
Does 7 divide 81178?
False
Is 18 a factor of 7936?
False
Is 1021440 a multiple of 240?
True
Is 1875 a factor of 9170625?
True
Is 100 a factor of 330200?
True
Is 62 a factor of 3208004?
True
Is 240552 a multiple of 12?
True
Is 106 a factor of 141963?
False
Does 525 divide 15175944?
False
Does 433 divide 2687016?
False
Is 39 a factor of 98011?
False
Does 10 divide 6901730?
True
Is 722407 a multiple of 11?
False
Is 833 a factor of 8554077?
True
Does 1127 divide 4721209?
False
Is 1858726 a multiple of 16?
False
Does 13 divide 19977971?
True
Does 33 divide 20004?
False
Is 2598486 a multiple of 684?
False
Does 416 divide 2744330?
False
Is 17 a factor of 2814741?
True
Is 192515 a multiple of 21?
False
Is 29 a factor of 5721903?
True
Does 233 divide 985279?
False
Is 29 a factor of 1727733?
True
Does 309 divide 4674552?
True
Is 1137 a factor of 3495138?
True
Is 37 a factor of 47360?
True
Does 39 divide 1148822?
False
Is 82 a factor of 4393888?
True
Is 3801716 a multiple of 62?
True
Is 17907 a multiple of 47?
True
Is 32393323 a multiple of 398?
False
Is 796 a factor of 3356732?
True
Is 165438 a multiple of 6?
True
Is 66 a factor of 5526706?
False
Is 8 a factor of 18197?
False
Does 2 divide 5401285?
False
Is 16245 a multiple of 57?
True
Is 236 a factor of 336772?
True
Is 11 a factor of 105072?
True
Does 52 divide 82108?
True
Is 1575497 a multiple of 49?
True
Does 26 divide 22382268?
False
Is 9 a factor of 93628?
False
Is 3 a factor of 533496?
True
Does 36 divide 79632?
True
Is 5 a factor of 34205?
True
Is 115721 a multiple of 22?
False
Does 57 divide 7267839?
False
Does 300 divide 801850?
False
Is 64 a factor of 1180032?
True
Is 16281348 a multiple of 556?
True
Is 18 a factor of 767034?
True
Is 152592 a multiple of 136?
True
Is 17 a factor of 102476?
True
Does 12 divide 464933?
False
Is 823692 a multiple of 249?
True
Is 18 a factor of 482853?
False
Is 37103 a multiple of 56?
False
Is 77033 a multiple of 47?
True
Is 206 a factor of 138020?
True
Is 11858120 a multiple of 655?
True
Is 5587418 a multiple of 214?
False
Is 10 a factor of 475478?
False
Does 28 divide 25256?
True
Does 30 divide 32296?
False
Does 54 divide 25164?
True
Does 198 divide 4909948?
False
Is 4 a factor of 620636?
True
Is 1041902 a multiple of 982?
True
Is 7343 a multiple of 224?
False
Is 690853 a multiple of 5?
False
Does 296 divide 45172?
False
Is 278964 a multiple of 36?
True
Does 69 divide 1397764?
False
Does 382 divide 280770?
True
Is 203904 a multiple of 54?
True
Is 42 a factor of 4744296?
False
Does 68 divide 6780892?
True
Does 74 divide 1134457?
False
Is 141396 a multiple of 12?
True
Is 133225 a multiple of 73?
True
Does 722 divide 4159442?
True
Is 226468 a multiple of 9?
False
Is 13790790 a multiple of 78?
True
Does 25 divide 32625?
True
Is 23 a factor of 599227?
False
Is 268893 a multiple of 621?
True
Is 206910 a multiple of 99?
True
Is 251 a factor of 5021717?
False
Does 66 divide 81444?
True
Is 683430 a multiple of 38?
True
Does 10 divide 4070?
True
Does 148 divide 3010824?
False
Is 842696 a multiple of 8?
True
Does 26 divide 86842?
False
Does 177 divide 718089?
True
Is 411032 a multiple of 9?
False
Is 13916 a multiple of 7?
True
Does 252 divide 595649?
False
Is 23 a factor of 119071?
True
Is 30 a factor of 1311931?
False
Is 5 a factor of 1456985?
True
Does 32 divide 380448?
True
Is 131 a factor of 2350926?
True
Does 5 divide 387160?
True
Does 2 divide 95948?
True
Is 2272492 a multiple of 23?
True
Is 15 a factor of 184620?
True
Does 12 divide 488976?
True
Is 333 a factor of 801243?
False
Does 176 divide 300970?
False
Does 37 divide 764622?
False
Is 1123812 a multiple of 19?
True
Is 17564034 a multiple of 20?
False
Does 46 divide 477250?
True
Is 148 a factor of 212380?
True
Is 92216 a multiple of 80?
False
Does 8 divide 199560?
True
Is 315512 a multiple of 21?
False
Is 413233 a multiple of 235?
False
Is 4 a factor of 7406351?
False
Is 684 a factor of 696240?
False
Does 4 divide 98422?
False
Does 63 divide 344232?
True
Is 9170271 a multiple of 22?
False
Is 55319 a multiple of 5?
False
Is 1811981 a multiple of 22?
False
Is 21198292 a multiple of 954?
False
Is 18664635 a multiple of 11?
True
Does 7 divide 2287333?
False
Is 56 a factor of 21765?
False
Does 80 divide 3225920?
True
Does 4 divide 71804?
True
Does 57 divide 1614917?
False
Is 13618342 a multiple of 29?
True
Is 1578525 a multiple of 15?
True
Is 131 a factor of 12304684?
False
Is 288477 a multiple of 7?
True
Does 6 divide 497386?
False
Is 1694892 a multiple of 339?
False
Does 5 divide 23620?
True
Is 383009 a multiple of 8?
False
Is 1027713 a multiple of 67?
True
Is 1219121 even?
False
Does 412 divide 8663536?
True
Is 866 a factor of 1590101?
False
Does 705 divide 156510?
True
Does 123 divide 432837?
True
Is 320415 a multiple of 81?
False
Does 119 divide 8876448?
True
Is 22 a factor of 1280246?
True
Is 2632370 a multiple of 9?
False
Is 441 a factor of 780129?
True
Is 87948 a multiple of 21?
True
Is 138546 a multiple of 12?
False
Is 13903488 a multiple of 1192?
True
Does 83 divide 87565?
True
Does 4 divide 15593?
False
Is 17 a factor of 46427?
True
Is 356024 a multiple of 13?
False
Is 2789281 a multiple of 1234?
False
Is 558097 a multiple of 43?
True
Does 23 divide 2757573?
False
Is 11 a factor of 180543?
True
Is 1622329 a multiple of 389?
False
Is 190245 a multiple of 165?
True
Is 23 a factor of 262384?
True
Is 130 a factor of 1925003?
False
Is 73770 a multiple of 30?
True
Does 23 divide 182606?
False
Does 342 divide 71820?
True
Is 26 a factor of 1358491?
False
Is 134 a factor of 859208?
True
Is 140990 a multiple of 230?
True
Does 54 divide 67040?
False
Does 10 divide 104020?
True
Does 1146 divide 4808496?
False
Does 37 divide 117612?
False
Does 19 divide 329716?
False
Is 157212 a multiple of 12?
True
Does 44 divide 3344?
True
Does 458 divide 627095?
False
Is 5885663 a multiple of 61?
False
Does 220 divide 1878302?
False
Does 113 divide 918532?
False
Is 23546182 a multiple of 22?
True